- 7*k - 3. Let z be -2 + 9 + 2 + -4. What is u(z)?
-13
Let i(u) = -u**3 + 3*u**2 + 10*u + 11. Let p be i(5). Suppose p*k + 4 - 26 = 0. Let v(j) = 2 + 3*j + 0*j - 2*j. Give v(k).
4
Let s(v) = -v**2 + 4*v + 9. Let u be s(-4). Let p = -23 - u. Let i be 6/3 - p - -2. Let a(y) = -5*y + 5. What is a(i)?
-15
Let r(z) = z**2 - 5*z + 32. Let p(t) = -3*t**2 + 16*t - 91. Let q(l) = -4*p(l) - 11*r(l). Give q(7).
-2
Let c = 506 - 498. Let f(h) = -h**3 + 7*h**2 + 9*h. Calculate f(c).
8
Suppose -3*x + 8 = -2*f + 6*f, f = 4*x + 2. Let y(l) = 0*l + l**2 + 7*l - f*l**2 - 6*l. Give y(2).
-2
Let w(c) = -8*c - 18. Let k(o) = 26*o + 58. Let m(p) = 3*k(p) + 10*w(p). Determine m(10).
-26
Let p(b) be the second derivative of b**5/20 + b**4/2 + 5*b**3/6 - 5*b**2/2 + b. Let u(c) = -c**2 + 101*c - 2049. Let a be u(73). What is p(a)?
-5
Let d be ((-76)/(-6)*3)/(1/2). Suppose -10*o + 26 = d. Let p(q) = -2*q - 7. Give p(o).
3
Let o(s) = -5*s**3 - s + 2. Suppose 5*a + 0*a + 6*b = 5, -2*b = -2*a + 2. Determine o(a).
-4
Suppose 5*m - 68 = -4*j, 2*j + 3*m - 48 = -j. Suppose 3*x + j = -x. Let f(d) = -d**2 - d. Let r be f(x). Let c(h) = -h - 2. Determine c(r).
4
Suppose 5 = 6*q - q + 2*l, -3*q + 24 = -3*l. Let d(s) = -7*s + 1. Let c be d(q). Let o be ((-6)/(-4))/((-6)/c). Let b(v) = v**2 - 3*v - 5. Give b(o).
5
Let f(m) be the third derivative of m**6/30 + m**5/20 - m**4/24 - m**3/6 - 127*m**2. What is f(1)?
5
Let x = 7 + -1. Let b(m) = -7*m**2 + 6*m + 2. Let n(o) = 13*o**2 - 12*o - 3. Let f(u) = x*n(u) + 11*b(u). Give f(7).
11
Let r(o) = 2 - 278*o + 138*o + 0 + 136*o. What is r(6)?
-22
Let n(t) be the first derivative of 41*t**2/2 + t + 249. What is n(-1)?
-40
Let s(r) = -r**2 - r - 4*r - 5*r + 0*r**2 - 6 + 2*r. Suppose -3*z + 16 = z. Suppose 0*g = -3*y + g - 17, y + z*g + 10 = 0. Determine s(y).
6
Let a(c) be the first derivative of -1/3*c**3 - 3*c**2 + c + 19. Determine a(-7).
-6
Let f(i) = -4*i**2 - 37*i - 10. Let n be f(-9). Let z(q) = 9*q - 2. What is z(n)?
-11
Let y(d) = -d. Let w(m) = m - 2. Let j(x) = -w(x) - 3*y(x). Determine j(-7).
-12
Let y = 93 + -91. Let m(k) = -2 - 10*k**2 + 3*k**2 + 8*k**y. What is m(2)?
2
Let p(d) = d**3 + d**2 - d - 1. Let c(i) be the first derivative of i**4 + 11*i**3/3 - 11*i**2/2 - 6*i + 19. Let f(r) = c(r) - 5*p(r). Determine f(5).
-6
Let j(p) = 3*p + 15. Let u be j(-4). Let c(o) = -4 + 73*o**2 + u*o - 2*o**3 - o - 74*o**2 + 3. Determine c(2).
-17
Let q be (-1)/(1/(-1))*(-15 + 2). Let k(t) = -t**2 - 13*t - 8. Calculate k(q).
-8
Let z(m) = -m**2 - 6*m - 10. Let w be z(-3). Let x(y) = 6*y + 1. Give x(w).
-5
Let u = -208 - -214. Let o(l) = -3*l + 11. Give o(u).
-7
Suppose n + r - 7 - 6 = 0, -54 = -4*n - 3*r. Suppose -3*y - n = -3. Let l(q) = -3*q - 3. Calculate l(y).
9
Let j(g) = -g**2. Let z(s) = 8*s**2 + 7*s + 2. Let x(h) = -6*j(h) - z(h). Determine x(-4).
-6
Let a(o) = -o + 2. Let u(r) = -r**2 - 9*r - 17. Let n be u(-6). Calculate a(n).
1
Suppose 0 = 4*w - 8, 2*w - 11 = 3*q + 8. Let j(x) be the second derivative of -1/12*x**4 - 41*x + 1/2*x**2 + 0 - x**3. What is j(q)?
6
Let f(y) = -132 - 16*y + 109 + 26*y. Let z be f(2). Let h(m) = -13*m**2 + 7. Let c(s) = 3*s**2 - 2. Let l(u) = -9*c(u) - 2*h(u). Calculate l(z).
-5
Let d be (-3 + -1)/((-4)/64) - 1. Let u(k) = -3*k + 6 - 132*k**2 + d*k**2 + 68*k**2. Calculate u(-6).
-12
Let f(j) = 2*j**3 - 31*j**2 + 3*j + 33. Let o(z) = -z**3 + 15*z**2 - z - 16. Let v(c) = 2*f(c) + 5*o(c). Calculate v(13).
-1
Let m(g) = 2*g**2 - 2*g - 2. Let x be m(2). Suppose o = x + 3. Suppose 2*w + 28 = o*p + 8, 0 = 4*w + 4*p + 12. Let a(r) = 2*r. Give a(w).
-10
Let h(y) = 2*y**3 - 4*y**2 - y + 1. Suppose x + 152 = -5*o, 3*o - 142 = 8*o - 4*x. Let m = 12 + o. Let s = -15 - m. Give h(s).
16
Let z(g) be the first derivative of -g**6/120 - g**5/60 + g**4/24 + g**3/6 + 21*g**2 + 27. Let r(s) be the second derivative of z(s). Determine r(-2).
3
Let w(p) = 16*p**3 - 6*p**2 + 7*p - 1. Let v(a) = a**3 - a**2 + a. Let k(h) = -6*v(h) + w(h). Suppose 3 = 5*o - 2. Calculate k(o).
10
Let m(f) = 18 - 43*f**2 + 14*f**2 + 10*f**2 + f**3 - 2*f + 5*f**2. Determine m(14).
-10
Let q = -13 - -15. Let l(d) = -34*d**q - 4 + d + 75*d**2 - 39*d**2. Suppose -x + 5 = b + 1, -3*b - 3 = -2*x. Give l(x).
17
Let o(z) be the third derivative of z**6/120 + z**5/60 + z**4/24 - z**3/2 + 174*z**2. What is o(-2)?
-9
Let y be 34/10 + (-2)/5. Let t(f) = -12*f - 47. Let c(s) = 11*s + 43. Let l(z) = -11*c(z) - 10*t(z). What is l(y)?
-6
Let f(s) = 157*s**2 + 0 + 7 - s**3 - 153*s**2. What is f(5)?
-18
Let x(r) = r**3 + 6*r**2 + 2*r + 8. Suppose 4*h = -u - 22 + 4, -u + 2*h = 0. Let p be x(u). Let c(g) = 5*g + 6. Give c(p).
-14
Let c(w) = -2*w**2 - 10*w - 1. Let i be c(-5). Let r(b) = 7*b**3 + 13*b**2 - 11*b. Let l(v) = -3*v**3 - 7*v**2 + 6*v. Let y(p) = 11*l(p) + 6*r(p). Give y(i).
-8
Let u = -7 - -3. Let f(j) = j**2 + 4*j + 1. Let g be f(u). Let b(w) be the third derivative of -w**4/4 + w**3/6 - w**2 + 40*w. Calculate b(g).
-5
Let o = -18 + 20. Let w be (o - 3) + 10/5. Let a(c) = 7*c**2 - c. Give a(w).
6
Suppose 3*x - 6 = -3*m, x = 3*m - 8 + 2. Let z(n) = -2 + 2*n + 0*n**2 - n**3 + 5*n**m - 5*n**2. Suppose 5*w + 5*k = 0, -2*k = -5*w + 2*k + 18. Give z(w).
-6
Suppose 0 = 3*t + 2*q - 9, -5*t = -4*t - 2*q - 11. Let h(g) = 2*g**2 - 6*g - 2. Calculate h(t).
18
Let n(v) = 5*v + 7 - 16 + 2*v - 8*v - 12. Calculate n(-22).
1
Suppose -s = -4*j + 32, -4*s + 2*s = -8. Let p(k) = -k - j + 2*k - k**2 + 13. Calculate p(-3).
-8
Let q(f) = f**3 - 9*f**2 + 11*f - 17. Let w be q(8). Let o(t) = t - 9 + w - 6. Determine o(4).
-4
Let i(f) be the first derivative of f**2 + 16*f - 469. Give i(-8).
0
Let w(u) = 2*u - 11. Let h be w(7). Let n be h/(-4) - (-31)/4. Let c(b) = -27*b - 1 + n + 28*b. Calculate c(-5).
1
Let r(d) = -84 + 164*d + 89 - 168*d. Let f(b) = -b + 4. Let y be f(0). Determine r(y).
-11
Suppose -5*s + 37 = -28. Let o be 5/((-2)/(-4) - -2). Let r(v) = -4 - o*v - 10*v + s*v. Give r(6).
2
Suppose v + 30 - 7 = -4*c, 3*c + v = -18. Let y(o) = -o**3 - o**2. Let b(l) = 4*l**3 + 11*l**2 - 6*l + 1. Let p(i) = c*y(i) - b(i). Give p(5).
4
Suppose -275 = 9*w - 194. Let g(q) = -q**3 - 10*q**2 - 8*q + 5. What is g(w)?
-4
Let k(f) = f**2 + 5*f + 3. Let a(q) = -1 - 2 - q - q**3 + 1 - q**2 + 0. Let s be a(-2). Let d be -1 + s + -4 + -2. What is k(d)?
-3
Suppose j - 2*u = -42 + 41, u = 4*j + 32. Let s(l) = -l**3 - 8*l**2 + 9*l - 5. Determine s(j).
-5
Let n(m) = 14 - 40928*m + 20 + 40931*m. Determine n(-10).
4
Let m(r) = r**2 - 5*r + 4. Suppose -4*k + 24 = -4*x, 5*k + 8*x - 6*x - 23 = 0. Determine m(k).
4
Let u(k) = 21*k. Let l(n) = 2*n. Let o(d) = 22*l(d) - 2*u(d). Let r(s) = -s**2 + 9*s - 11. Let b(m) = -o(m) - r(m). Give b(9).
-7
Let o be 1*(16 - -1)*-3. Let q = -50 - o. Let h(u) = -4*u + 1. Calculate h(q).
-3
Let f(z) be the first derivative of -z**2/2 + 2*z - 185. Calculate f(11).
-9
Let q be 6/10 + 33/(-5). Let v(l) = -l**2 - 9*l - 9. Calculate v(q).
9
Let f = -8 - -3. Let c(x) be the first derivative of -x**4/12 - x**3/2 + 5*x**2/2 + 53*x - 52. Let s(d) be the first derivative of c(d). Determine s(f).
-5
Let n(a) = a**2 - 6*a + 7. Let i(m) = -11*m + 1 + 1 + 2*m - 6. Let s be i(-4). Suppose 3*k - 4*q = 3, 3*k + k + 4*q - s = 0. What is n(k)?
2
Let s(i) be the first derivative of -5*i**2/2 - i + 2. Let q(g) = 4*g**3 + g**2 - g + 1. Let c be q(1). Suppose 5 + 0 = -c*v. Determine s(v).
4
Let n = 2286 - 2285. Let c(z) be the third derivative of z**6/15 - z**3/6 - z**2. What is c(n)?
7
Suppose -5*n + 18 = u, 0*u + 4*u = n + 9. Let w(v) = v**2 + 7*v - 15. Let r be w(-9). Let g(x) = 0*x - x**2 - 4*x + 0*x + 3*x**r - 2*x**3. Calculate g(u).
6
Let c(u) be the third derivative of u**6/120 - u**5/12 - u**4/24 + 7*u**2. Suppose 4 = -z - 3. Let v = z - -12. Give c(v).
-5
Let h(d) = -38*d**2 - d - d**3 + 33*d**2 - 6 + 2*d + d. What is h(-5)?
-16
Let z(q) = 9*q**3 - q**2 + q. Let d(g) = -10*g - 14. Let r be d(2). Let y = r - -35. Calculate z(y).
9
Let y = -88 + 83. Let i(a) = 8*a + 9. Let m(r) = -23*r - 26. Let u(n) = 11*i(n) + 4*m(n). Give u(y).
15
Let o(c) = -c**3 - 4*c**2 + 5*c + 2. Let l = -8 + 3. Let q be o(l). Let s(n) be the first derivative of 3*n**2/2 - 42. What is s(q)?
6
Let t(u) = 5*u**2 - 3*u - 1 - 2*u - 6*u**2. Suppose -187 + 1 = 31*k. What is t(k)?
-7
Let i(j) = -j**3 - j**2 - 2*j